pose 3*l - 20 = w - 4, -4*w + 48 = 4*l. Let m(z) = 19*z**2 + 6*z - 6. Let a(q) = -37*q**2 - 12*q + 13. Let v(d) = l*m(d) + 3*a(d). Is v(5) prime?
True
Suppose 15 = 5*x - 10. Let k be (-9)/(-15) + 2/x. Let b(t) = 169*t. Is b(k) prime?
False
Let d(x) = -2*x - 1. Let s be d(-2). Suppose -3*t = -2*i + 8, 10*i + 2*t = 12*i - 10. Suppose -3*y + 727 = f, -5 - i = s*y. Is f prime?
True
Let t be (-12 + -3)/(-5) + 1089. Let z = 2369 - t. Is z composite?
False
Let f be 24/18 - 2/(-3). Is (0 - 127/f)*-2 a composite number?
False
Is (-43 - -42)/((-1)/9127) a prime number?
True
Let q(t) = -70*t - 7. Let n be q(-6). Suppose n = 3*o - 208. Is (4/6)/(6/o) prime?
True
Suppose 0 = s - 26*s + 1409225. Is s a prime number?
True
Suppose 0 = -7*z + 79 - 534. Let h = z + 72. Is h composite?
False
Let k = 43633 + -18620. Is k composite?
False
Suppose 5*x = 2*a - 20, a = -0*a - 5*x - 5. Suppose -2*y - a*h - 27 = 0, 0 = -7*y + 2*y + 5*h + 20. Is (-6 + 5)*97/y composite?
False
Suppose -c + 2706 = -k, 5*k = -3*c - 0*k + 8078. Let d = -1703 + c. Is d a prime number?
False
Suppose 8*j - 55 = 2*k + 3*j, -k - 5*j - 65 = 0. Let v be k/(-10)*10/8. Suppose 106 + 699 = v*q. Is q prime?
False
Suppose 0 = -4*o + 5*i + 90, -41 = -5*o + i + 61. Let y be 255/o + 2/8. Suppose -358 = -5*g - y. Is g composite?
True
Suppose 5*b - a = 23, 4*b - 2*a + 0 = 16. Suppose 0 = b*t + t - 1278. Suppose o = 2*o - t. Is o a composite number?
True
Let i = -8607 + 22492. Is i composite?
True
Let r be (-13 + 14)*(1 + 0). Is r/(-3) + ((-4670)/(-15))/1 a composite number?
False
Let c be (-4)/12 - 1/(-3). Let q(b) = b**3 + b**2 + 3*b + 255. Let m(v) = -v**3 - v**2 - 2*v - 256. Let u(n) = -4*m(n) - 3*q(n). Is u(c) a prime number?
False
Suppose -8*w = -3*w. Suppose -m - 3*m + 16 = w. Suppose -360 - 236 = -m*z. Is z composite?
False
Suppose 0 = j - 448 - 417. Is j a composite number?
True
Suppose 2*g - 5106 = 3*r + 9790, -5*g - 2*r = -37259. Is g a composite number?
False
Let k(g) be the third derivative of -g**6/90 + 9*g**5/40 + g**4/3 + 10*g**2. Let r(o) be the second derivative of k(o). Is r(-7) prime?
True
Let j = 74 + -70. Suppose 4*z - 1779 = -2*d - d, -2362 = -j*d - 2*z. Is d a prime number?
False
Suppose -13*k = 8619 - 153660. Is k a composite number?
True
Suppose 0 = 73*s - 60*s - 483067. Is s a composite number?
False
Let l = -5 + 808. Suppose 2*i - 2*n - l = n, 5*i - n = 1988. Is i a prime number?
True
Suppose -5*m - 3*h + 9433 = -2803, m = 4*h + 2461. Is m prime?
False
Let u(g) = 42*g**2 - 51*g + 17. Is u(24) composite?
True
Suppose -14 + 4 = -4*b + 5*o, 2*b + 3*o = 16. Let t be 3/3*-1 + b. Suppose t*d - 423 = -67. Is d composite?
False
Suppose 4*k = 20, k + 6 = -4*o - 5. Is 6/(-39) - ((-21517)/13 - o) a prime number?
False
Let p(l) = -25*l**3 + 4*l**2 + 6*l - 6. Let z be p(4). Let j be (z/(-12))/(2/24). Is j/9*6/4 a composite number?
True
Suppose -13 = i + 4*s, 5*i - 3*i - 22 = 4*s. Suppose 16885 = i*l + 2*l. Is l a composite number?
True
Let x be 1*2/6*3. Let d be 1/(-1)*(-1772 + x). Suppose -d = -6*v - v. Is v a composite number?
True
Let l = -26810 + 38772. Is l prime?
False
Suppose 4*g = -4*c + 944, g - 6*g + 1183 = 4*c. Is g prime?
True
Let i = 38 + -32. Suppose -i*a + 1215 + 6351 = 0. Is a a prime number?
False
Suppose o = -2*z + 11, -3*o = 4*z - 5 - 20. Suppose -x - z - 5 = 0. Let h(c) = c**3 + 10*c**2 + 4*c - 8. Is h(x) a prime number?
True
Let k = 32 - 8. Suppose -925 = k*n - 29*n. Is n prime?
False
Let x(v) = 158*v + 7. Suppose 3*r = r + 3*y + 3, y = 5*r - 27. Is x(r) a composite number?
True
Let m = 2863 + -4015. Let p be (m/(-30))/(4/70). Let i = -341 + p. Is i prime?
True
Suppose -284 = -2*f + 6*f - 4*x, 4*x - 354 = 5*f. Let m = f + 363. Is m a prime number?
True
Suppose 13*v = 17*v - 40. Is (0 + 3012/v)/(26/65) prime?
False
Is (-224)/96 - (-88096)/3 prime?
True
Let v = -174 - -351. Let k = -41 + 151. Let s = v - k. Is s a composite number?
False
Is 5271 + 5 + 0 + -3 prime?
True
Let l = 369 - 68. Suppose -2*k = a - l, -3*a + 4*k = -a - 562. Suppose -4*x + 1577 + a = 0. Is x a composite number?
False
Let j = -96 - -149. Is 159/j*(1 + (-616)/(-1)) a prime number?
False
Suppose -t + 4168 + 2381 = -2*o, 2*t - 13122 = -2*o. Is t prime?
False
Suppose 4*u = 1478 + 262. Let q(y) = 3*y - 3. Let g be q(2). Suppose -g*v = 2*v - u. Is v prime?
False
Suppose 2*b - 24881 = 187545. Is b a composite number?
False
Suppose 38*h - 7*h = 913477. Is h composite?
True
Let o = -13 + 14. Let f(i) = -i**3 + i**2 + i - 1. Let a(g) = -55*g**3 + 4*g**2 + g - 3. Let k(b) = -a(b) + 3*f(b). Is k(o) composite?
False
Suppose -4*d + 3*b - 485 = -78, -319 = 3*d - 5*b. Let k = d - -189. Is k a composite number?
True
Let t(p) = -p**3 - 10*p**2 + 2*p + 24. Let y be t(-10). Suppose y*n - 2*o = 16446, 4*n + o - 8221 = 2*n. Is n a composite number?
False
Let j = -14 - -20. Let p(r) = 0*r - j*r + 5*r + 150*r**3. Is p(1) composite?
False
Let l = -88 + 182. Is l prime?
False
Suppose 5*w + 4*u - u = 19417, 3*u = 12. Is w prime?
True
Let h = -561 - 317. Is h*(-3)/6*1 prime?
True
Suppose -2*l + 836 = -1136. Suppose -5*w + l - 241 = 0. Is w prime?
True
Suppose 4*v - 18998 = -6*o + 3*o, -3*v + 14263 = -5*o. Is v a composite number?
False
Let z = -1368 + 385. Let o = z - -1702. Is o a prime number?
True
Let c = -19 - -22. Is 6620/(-6)*c/(-2) composite?
True
Let a = -3780 + 12527. Is a a prime number?
True
Let y = 20 - 18. Suppose -p + 50 = -4*z, -y*p + 0*z + 95 = -3*z. Suppose -4*c + 138 + p = 0. Is c a composite number?
True
Let t = -2 - -3. Is (-27 + t)/(22/(-253)) a prime number?
False
Let p(o) = o**2 - 13*o + 10. Let a be p(12). Is ((2/4 - a) + -3)*-1174 a prime number?
True
Suppose 70816 = 14*f + 18470. Is f a composite number?
False
Let l(q) = -22684*q - 47. Is l(-6) composite?
False
Let l be 0 + 11 - (-1 + 4). Is 1192 + (2/l - 6/(-8)) prime?
True
Suppose 2*d + h = 1229, -d - 1830 = -4*d + 3*h. Is d composite?
False
Suppose 679 = 3*v + 4*v. Let c = -51 + v. Is c composite?
True
Let w(c) = -420*c**3 - 2*c**2 + 6*c - 23. Is w(-4) prime?
True
Suppose -171898 = -15*o + 263597. Is o composite?
False
Let k be (3 + -1)/((-12)/30). Let c be -1*k/((-15)/(-18)). Suppose -2*d = -c*d + 40. Is d a composite number?
True
Is ((-119539)/(-7))/((-3)/(-3)) a composite number?
False
Suppose -5*d - 15 = -3*t - 2*t, 0 = 4*t + 4. Let x = d + 3. Is ((-85)/10 - x)*-2 prime?
False
Suppose 0 = 5*l + 4*m - 26465, 4*m + 15896 = 3*l + 3*m. Is l composite?
False
Let p = -8 + 11. Suppose 3*m = -12, 0*k - p*k + m = -616. Suppose 0 = -4*w + k + 92. Is w prime?
False
Suppose -34*t + 70148 + 3326 = 0. Is t a composite number?
False
Suppose 56187 + 26458 = 5*k. Is k a prime number?
True
Suppose 0 = -28*w - 2045 + 30129. Is w prime?
False
Let s(f) = 117*f**2 - 2*f + 8. Is s(3) prime?
False
Let t be ((-584)/5)/(3 + 32/(-10)). Let j = -85 + t. Is j a composite number?
False
Let z(m) = 19*m**2 + 8*m + 13. Let p be -2*(0 + 4 - 0). Is z(p) a prime number?
False
Let u = -431 - -42. Let c = 360 + -170. Let x = c - u. Is x a composite number?
True
Let a be 766*(0 + (87/6 - 1)). Is 2/16 + a/24 composite?
False
Let j(o) = 69*o**2 + 3*o + 1. Let l(z) = z - 13. Let k be l(10). Is j(k) composite?
False
Let i = 10 + -10. Suppose i = h - 2 - 2. Is (-8)/h*-106 + -1 a prime number?
True
Let p(j) = -3805*j**3 + 4*j**2 + 7*j + 3. Is p(-2) prime?
False
Let q(o) = -2*o - 22. Let y be q(-13). Suppose y*x - 3365 = -x. Is x prime?
True
Let k(m) = 3*m**3 - 9*m**2 + 3*m + 31. Is k(10) a prime number?
True
Suppose -112*y + 104*y + 6824 = 0. Is y a prime number?
True
Is (4 + 18/24)*3728 - -1 composite?
True
Suppose h + 0 + 5 = -5*r, 5 = 5*r. Let g = h - -13. Suppose 4*q + g*x - 69 = 118, 181 = 4*q + 5*x. Is q composite?
True
Suppose 36 = 2*x - 4*w, 7*x - 4*x - 60 = 4*w. Let g be (-2)/(x/(-9) - -3). Is (4/g)/((-4)/678) a prime number?
True
Let s(v) = -4*v**2 + 312*v - 119. Is s(60) composite?
False
Let u = 18849 - 12072. Suppose -8*n + u = n. Is n composite?
True
Let n be 8/12 - 10/15. Suppose z + n = -1. Is 589/2 + z/(-2) prime?
False
Suppose 8*j = 2*j + 42. Suppose -j*y + 5*y + 20 = 0. Is y a prime number?
False
Let j(y) = -y**3 - 19*y**2 + 15*y - 47. Suppose -4*c = c + 100. Is j(c) a prime number?
True
Let c(h) = -7*h + 31 + 3*h + 30*h - h**2 + 15*h. Is c(18) a prime number?
False
Le